- (-19 - -1)) - 5?
-17
What is -13 - (-55 + 43 + 2 + 0 - -15)?
-18
Evaluate 5 + (-4 - (7 + -4)) - -2.
0
What is the value of (0 - 5) + (-2 - 3) + 74 + -49?
15
Evaluate (83 - 83) + (3 - (12 + 2)).
-11
Calculate (16 - (-7 - (3 + -2))) + (0 - -2).
26
What is the value of (-972 - -943) + 40 + 1?
12
What is the value of -6 - (3 - (6 - 8)) - 3?
-14
Calculate (5 - (3 - 22)) + -9.
15
What is 2 + 1 + (-20 + -1 + 3 - -21)?
6
What is -62 - -66 - (7 - -2) - 15?
-20
What is -10 - (12 + (6 - 12))?
-16
-3 + -4 - (-9 + (14 - 5))
-7
Calculate 7 + (-3 - -4 - (-7 - -2) - 8).
5
Evaluate 23 + -30 + -5 - (4 + -1).
-15
Calculate -1 - (-19 - (-6 + -13 - -5)).
4
What is the value of 8 - ((4 - 0) + -64 + 54)?
14
(-4 - -12 - -3) + 14 - 11
14
What is -7 + (27 - 11) + -2 + 0?
7
What is the value of -12 + 1 + (86 - 24) + -49?
2
What is the value of -1 - ((5 - (5 - 8 - -4)) + 8)?
-13
Calculate (-3 - -32) + -24 - (1 - -19).
-15
Evaluate -42 - (-2 - (-8 - -19 - 2 - 0)).
-31
Calculate -16 - (-42 - (-18 + -13 - -11)).
6
What is 13 + 0 - (-7 + (31 - 1))?
-10
-16 + -1 + (303 - 267)
19
Calculate 14 + (10 - (24 + 12)).
-12
9 + (-15 - -10) + -9 - -10
5
Calculate 4 + 7 - 11 - 13.
-13
What is (71 - 70) + (-61 - 0) + 20?
-40
-14 + -9 - -15 - 9 - -4
-13
Calculate 1 - (3 - (0 + (1 - (-4 - -3)))).
0
(-9 + 14 + -5 - -10) + -8 + -3
-1
What is the value of (-17 - 1) + (-8 - -9) + 9?
-8
-7 + (0 - -25) + (159 - 172)
5
What is the value of (8 - (4 - -1 - (-59 - -50))) + 5?
-1
What is the value of 5 + -27 + 31 + (-1 - 8)?
0
Calculate 79 + -70 - (-2 + 1) - 15.
-5
Calculate 163 - 183 - (-2 + -13 + 3).
-8
What is -25 + (-10 - -20 - -4)?
-11
Evaluate 1 - -2 - (-9 + (-5 - -10) - 0).
7
Evaluate (-24 - -48) + -24 + -8 + 0 + -2.
-10
1 + (-9 - -4) + 1 + 4 - -19
20
Calculate (10 - 11) + 1 + -2 + 7 + -25.
-20
Calculate 1 + (-14 - 0 - (25 - 44)).
6
What is the value of -2 + 7 + (-6 - 5) + -4 - 0?
-10
Calculate -16 + -1 + 7 + -12 + 0 + 10.
-12
What is 5 + -37 + 2 + 21?
-9
Calculate 6 + (-5 - 5 - (5 - 11)) - 4.
-2
Evaluate -33 + 7 + 23 + -16.
-19
What is the value of -108 + 128 + 1 + -13?
8
What is 28 - (44 - 13) - (9 + -1 + 1)?
-12
What is -3 + (-18 - -1) - -60 - 10?
30
(-7 - 2 - -1) + 15 + -11
-4
What is -13 - (-16 + (-4 - -11))?
-4
What is -5 + (2 + 0 - -1) + -2 - 13?
-17
What is the value of 162 + -164 + (-10 - (1 - -2)) - -10?
-5
Calculate 11 - (-13 + 24 + -5 + 4 + -1).
2
Calculate 1 + -10 - 23 - -17.
-15
6 + -17 + 8 - (-2 + -1 + 1)
-1
What is 19 - (7 - ((-1 - -4) + 5 - 6))?
14
Evaluate (0 - 1 - 32) + -432 + 446.
-19
What is -3 + -4 - (-21 + (-16 - -20))?
10
Calculate -6 + 2 + (7 - 6) + 19 - 6.
10
What is the value of (4 - (12 + -19 - -14)) + -11?
-14
-10 + (24 + -8 - 10 - -11)
7
What is the value of 6 + -3 + (7 - 1) + (16 - 18)?
7
-7 + (24 + 10 + -6 - 6)
15
What is 3 + 5 - (-10 - -24)?
-6
What is 5 + (8 - 6) - 6 - -2 - -2?
5
Evaluate -18 + 13 - (-84 + 55).
24
Calculate (7 - 1) + -72 + 3 + 26.
-37
Calculate (25 - 28 - (-4 + 0)) + 2 + 5.
8
-2 + 4 + (3 - (-5 + 23))
-13
Calculate (3 - 3 - 21) + (-14 - (20 + -33)).
-22
Evaluate 8 - (-10 - (1 + (7 - 6) + -9)).
11
Calculate -29 + (-6 - (20 + -43)).
-12
Calculate 8 - (-4 - (-2 - (11 + -15))).
14
Calculate 1 + 9 - (11 - (0 - (6 - 14))).
7
-13 - -10 - (4 + 0 + 0)
-7
(16 - 7) + -26 - -11
-6
Calculate -50 - -40 - ((26 - 0) + -11).
-25
Calculate -4 + (-2 + 8 - (-14 + 13)).
3
(6 - 2) + 0 - (-11 - -22)
-7
What is the value of (-4 - -4) + -6 + 3?
-3
3 + 19 + (2 - 5) - (-267 - -272)
14
What is -26 - 29 - -50 - (-1 - -22)?
-26
What is 14 + 0 - (-9 - (-10 + -6))?
7
Evaluate -4 - 1 - (-5 + 6 + -10).
4
What is 221 - 223 - (-2 - -2 - -26)?
-28
Calculate (4 - -1) + -10 - (-16 + -2).
13
Calculate -3 + -2 + -5 + (10 - 8).
-8
Evaluate -3 - (-42 - -40 - (1 + 3)).
3
Calculate (0 - 9) + 12 - -7 - 15.
-5
Calculate (4 - (-8 - -7) - 2) + (-2 - 24).
-23
Evaluate -1 + 8 + -6 + 9 + 6.
16
What is the value of 16 - (-17 - -39) - (-1 + -4 + 0)?
-1
What is the value of (-2 - -1 - (5 - 10)) + 7 + 3?
14
What is 2 + -1 + 1 - (24 + -61 + 31)?
8
16 - (3 + -13 + 28) - 6
-8
What is the value of 0 - -26 - (-5 - (14 + -16))?
29
What is (-10 + -1 - -6) + (-6 - -5 - -2)?
-4
21 - ((-7 + 13 - 12) + 17)
10
Calculate (-26 - -3) + (2 - -12) + (0 - -5).
-4
Evaluate -17 + (5 - -24) + -3.
9
Evaluate 2001 + -1981 + 0 + -16.
4
What is 267 + -277 + -2 + -2 + 13?
-1
Evaluate -8 + 40 + -42 + 0.
-10
(-126 - -121) + (10 - 2)
3
1 + 1 + -5 + -1
-4
Evaluate 5 + 9 + -41 + 7 + (-4 - 6).
-30
Evaluate -156 + 155 - (-1 + -1).
1
-52 + 104 + -17 + (0 - -2)
37
What is the value of -2 - (3 + 1) - (8 + 1 + -10)?
-5
Calculate -2 + 0 + -2 + -11 + -10 + 13.
-12
Evaluate -7 + 18 + (7 - (6 + -3)).
15
Calculate 5 - (-1 - -11) - (8 - 5).
-8
Evaluate 7 + 15 + 12 + -24.
10
What is the value of (24 - (28 + 1)) + 7?
2
What is 1 + -3 + (7 - 2) - (-3 - 0)?
6
What is the value of (4 + -6 + 5 - 0 - 0) + -1?
2
Evaluate (-13 - (-14 + 12 + -2)) + -9.
-18
-32 + (13 - (-4 - -26) - (3 - 8))
-36
28 + 2 + (-8 - 14 - -9)
17
Calculate -27 + -23 + 30 - 12.
-32
What is -12 - -1 - (6 - 11)?
-6
-1 - (1 + 11 + -17 + -8)
12
What is 38 + -31 - (-25 + -5 + 3)?
34
What is (7 + 6 - 10) + -8?
-5
What is the value of -12 + 9 + -4 + (0 - -10)?
3
What is the value of -29 - (-16 + 42 + -34)?
-21
What is the value of 4 + (-2 - -4) + -7 - -5?
4
What is 25 + (-19 - 22) - (-1 + -8)?
-7
What is the value of 6 - (11 - 20 - (-1 + -4))?
10
Calculate 18 - (15 + (-47 - (-14 + -1))).
35
Evaluate -12 + 8 - -24 - 13 - (7 - 2).
2
Evaluate (-32 - -34) + (0 - -2) + -17.
-13
3 + 1 - (-1 - -11)
-6
What is -17 + 0 + (9 - -2) - 2?
-8
-2 - (-3 - 2) - (-26 + 33)
-4
-6 + 4 + 7 + -25 + 5
-15
What is the value of (61 - 47 - (0 - -18)) + -17?
-21
Evaluate 17 + 22 + (-7 - 24).
8
(-91 - -78) + (-7 - -2 - 4)
-22
What is the value of (5 - -1) + (-107 - -94)?
-7
What is the value of (-2 - (-58 + 0)) + (-2048 - -2032)?
40
Calculate (-24 + 41 - (4 - 7)) + -16.
4
Calculate 1 - (16 + -3 - 11) - -24 - 5.
18
5 + 7 - (-12 - -22)
2
(2 - 1) + 11 + (4 - (3 - -2))
11
What is 14 + (7 + -6 - 7)?
8
What is 17 + -2 + (45 - 45)?
15
What is the value of (22 + 5 + -3 - (7 - 1)) + -6?
12
Calculate (-108 - -119 - (11 + -3)) + (1 - -5).
9
Calculate (2 - 6) + (93 - 94) - (0 + -18).
13
Evaluate 4 - (0 - 8) - 23.
-11
Evaluate 18 + (-20 + 15 - -3) + 3.
19
What is (0 - 20) + 8 + 8?
-4
What is the value of (-1 - (7 + -6) - -13) + -4?
7
3 + -5 + 21 + -18 - 10
-9
Calculate -6 + -5 + 15 + -14.
-10
What is 17 + -11 + -12 + 28 + (-2 - -2)?
22
Calculate -10 - (0 + 0 - (-56 + 60)).
-6
Calculate 15 - (10 + (-2 - -9)).
-2
Evaluate 7 + (-12 - -8) + 13 - 0.
16
What is 22 + -17 + -16 + (2 - 3) + -4?
-16
What is (17 - (41 + -18)) + (0 - -28) - 3?
19
Evaluate 8 - (-5 - (6 + -6 - 0)).
13
What is (0 + -6 - 7) + 21?
8
What is the value of -4 + -6 + (-9 - -10)?
-9
What is the value of -195 - -188 - (4 + (0 - 1))?
-10
Calculate 30 + 10 + (-33 - 19).
-12
Evaluate -8 + (4 - 13 - -11 - 10).
-16
What is -18 + (-11 - -22 - -3)?
-4
What is the value of 4 - (17 - -13 - -1)?
-27
What is (6 - 26 - 14) + 63?
29
Evaluate 1 - -11 - (-14 - -5 - -17 - 13).
17
Calculate -19 - -33 - (-1 + -1 + 0).
16
What is the value of -14 - (-1 + 11 + -13)?
-11
-15 + (3 - -3) - 0
-9
Calculate (-2 - -1 - (16 + -8 - 9)) + -1.
-1
Calculate -5 + (4 + -23 - -34).
10
What is the value of -2 - (-4 + 7 + -4)?
-1
Calculate 13 - (5 + (1 - -2) + 0).
5
What is the value of 27 - (-25 - (-9 + -19))?
24
What is the value of -10 - (-3 + (-17 - (5 + -15)) + 11)?
-11
What is the value of -4 - (-15 + 15) - 2?
-6
Evaluate -68 - 6 - -72 - (-17 - 1).
16
Evaluate 10 + (-9 - -2) + -1 - (4 - -17).
-19
Evaluate 3 + 26 - ((-15 - (-38 + 6)) + -8).
20
What is the value of -88 + 118 - (-3 + 1)?
32
Evaluate (5 + 4 + -2 - -9) + (1 - 6).
11
-34 - (-4 - 11) - (6 + -2)
-23
(-1 + 8 - -2) + 0 + 277 + -280
6
What is (43 - 27) + (4 - (-8 + 1 + 3))?
24
Evaluate (12 - 34 - -17) + 9.
4
Calculate -26 - (-2 + 2) - (29 + -39).
-16
(6 - 2) + -3 - (-33 - -32 - -7)
-5
6 + 14 + 1 - 7 - 7
7
Evaluate -66 + 90 - (-3 - (-5 + 1)).
23
Evaluate 4 - 0 - (35 - (13 + 19)).
1
What is the value of 4 + ((-4 - -3) + -1 - -9)?
11
Evaluate 5 - (180 + -161 - (-2 - -5)).
-11
35 + -64 - -36 - (1 + -17)
23
What is the value of -15 + -9 - (-52 + 30)?
-2
What is the value of -6 - ((8 - 6) + -6 + 7)?
-9
Calculate (13 + -9 - (-1 - -5)) + 0.